-452. Calculate the remainder when b is divided by o.
79
Suppose 19*z = 6*z + 2184. Suppose 54*i - z = 50*i. Calculate the remainder when 157 is divided by i.
31
Let x = -1575 - -1581. What is the remainder when 123 is divided by x?
3
Let k(r) = -880*r - 3113. What is the remainder when k(-4) is divided by 60?
47
Let l = -283 - -127. Let m = l - -77. Let o = m - -100. What is the remainder when 61 is divided by o?
19
Suppose 0 = 5*d + 25, -c - 4*d + 353 - 209 = 0. Calculate the remainder when 199 is divided by c.
35
Let y(j) = -13*j**2 + j - 65. Let i(v) = -15*v**2 - v - 64. Let k(z) = 6*i(z) - 7*y(z). Calculate the remainder when 143 is divided by k(5).
19
Let r(v) be the third derivative of -7*v**4/12 - 31*v**3/3 + v**2. Let u be 3762/(-693) - 8/14. Calculate the remainder when 63 is divided by r(u).
19
Let l(q) = -q**2 - 5*q - 1. Let i be l(-6). Let g(m) = m**2 + 11*m + 16. Let h be g(i). Let r = h + 29. Calculate the remainder when 63 is divided by r.
12
Let t be 2467 - 32/(-24)*6. Suppose 5*d = 5*j - t, 368 = 2*j + 4*d - 616. Calculate the remainder when j is divided by 9.
8
Let g(k) = k**2 + 3*k - 11. Suppose -64*d = -24*d - 34*d - 120. What is the remainder when g(8) is divided by d?
17
Let s(u) = -2*u + 41. Let c be s(-15). Suppose -13*r = -c - 228. Suppose 0*j - 4*j = 2*p + 4, -5*p + 5*j + 65 = 0. What is the remainder when r is divided by p?
7
Let g = -387 - -175. What is the remainder when (0 + 10/5)*g/(-8) is divided by 14?
11
Let i be 3/(-3) + 5 + -1. Suppose 5*w = -i + 98. What is the remainder when w is divided by ((-31)/7 - -4) + 5 + (-88)/56?
1
Let j be (56/(-10) - -3) + (-6)/(-10). Let q be 81*(j/(-12) - (-20)/24). Let l = q - 72. Calculate the remainder when 15 is divided by l.
6
What is the remainder when (-14504)/2450*(-75)/6 is divided by (-2)/6 - (-98)/6?
10
Suppose -r - 3*p + 894 = 0, -2*r - 2*p + 258 + 1530 = 0. What is the remainder when r is divided by 82?
74
Suppose 29*i + 192 = 1120. Let a be (-3556)/(-36) + 6/27. Suppose 2*k + a = r, 5*r = -k - 4*k + 450. What is the remainder when r is divided by i?
29
Suppose 23*j - 6749 + 1045 = 0. Calculate the remainder when j is divided by 80.
8
Suppose 196476 + 158557 = 67*v. What is the remainder when v is divided by 100?
99
Let d(j) = j**3 + 32*j**2 - 67*j + 44. Let c = 61 + 98. Calculate the remainder when c is divided by d(-34).
9
Let o(n) = n - 1. Let z = -4977 + 5023. What is the remainder when z is divided by o(14)?
7
Let r be (-7)/((-7)/6) + 2. Suppose 1869 = 33*s - 1035. Suppose r*b - 9*b = -s. What is the remainder when b is divided by 23?
19
Suppose -8 = -241*x + 239*x. Calculate the remainder when -3 + x - (-62 - -4) is divided by 44.
15
Let g(o) = o**2 + 10*o - 4. Suppose -210*c = -2*w - 212*c + 136, 0 = -5*w - 2*c + 349. What is the remainder when g(-18) is divided by w?
69
Suppose 10*h = 8*h + 2. Let l(p) = -p**2 - 2*p + 1. Let y be l(h). Calculate the remainder when 98 is divided by 0 + y + 4 - -23.
23
Suppose a + 2*p + 65 = 177, 4*p = -4*a + 424. Calculate the remainder when 405 is divided by a.
5
Suppose p - 9 - 4 = 0. Suppose -j - 4*w = -13, -3*j + p = -2*j - 4*w. Suppose 12*i = -13 + 265. Calculate the remainder when i is divided by j.
8
Suppose 7*i + 8849 = 9199. Calculate the remainder when 138 is divided by i.
38
Let c = -35514 - -35558. Suppose -2*a = h - 270, 2*a - 112 = -4*h + 158. What is the remainder when a is divided by c?
3
Let k = 62 - 59. Let t(x) = -6*x**3 - 4*x**2 + 6*x - 3. Let m be t(k). Let n = 317 + m. Calculate the remainder when n is divided by 15.
14
Let w = -25 - -47. Suppose -89*m - 28*m = -10062. Calculate the remainder when m is divided by w.
20
Suppose k + f - 1316 = 0, 9 = -2*f + 3. Let h = k + -1317. Suppose 0 = -4*u - 12, -7 - 101 = -5*y - 4*u. What is the remainder when y is divided by h?
0
Let h be (-6)/(-5)*(2 + 3). Suppose -190 = -l + h*l. Let g = 4 - l. Calculate the remainder when g is divided by 13.
3
Suppose 31 = 3*t - 4*j, 3*t + 9 - 4 = -5*j. Suppose 2*q + v = 0, -9*q = -12*q - 4*v - t. Calculate the remainder when 17 is divided by q.
0
Let f = 9476 + -9416. What is the remainder when 2103 is divided by f?
3
Let l(q) = 2*q**2 + 74*q - 52. Let s be l(-38). What is the remainder when 257 is divided by 2108/48 + 2/s?
37
Let y(d) = -1905*d - 3742. Suppose -2*k + k = -4. Calculate the remainder when y(-2) is divided by (24/(-10))/(k/(-60)).
32
Let n(v) = -126*v - 357. What is the remainder when 28 is divided by n(-3)?
7
Suppose 15*m + 33 = 48. Let z(f) = 60*f**2 - 4*f + 5. What is the remainder when z(m) is divided by 18?
7
Calculate the remainder when (-11 + (-520)/(-60))*(1 - (287 + -1)) is divided by 10.
5
Let j = -62 - -86. Calculate the remainder when 43 - 0*7/(-21) is divided by j.
19
Let o = 7803 + -7163. What is the remainder when o is divided by 81?
73
Suppose 69*v - 63*v = -4272. Let n = v - -717. Calculate the remainder when n is divided by 3.
2
Let k = 789 - 1240. Calculate the remainder when 14/21 + -1 + k/(-3) is divided by 19.
17
Let i = -2608 - -2966. What is the remainder when i is divided by 72?
70
Suppose -2*u - t = 0, -2*u + 16 = 5*t - 8*t. Suppose 12*h - 638 + 278 = 0. What is the remainder when (203/14)/(u/12) is divided by h?
27
Suppose 4*i - 242*o + 240*o = 246, 2*o - 153 = -3*i. Calculate the remainder when 546 is divided by i.
33
Suppose -5*j = -r - 2*r + 14, 3*j + 15 = 4*r. Let l be -1*(-8 + 2)*r/6. Calculate the remainder when 21 is divided by (-1)/(1/(-14)) - l.
10
Let t(q) = 2*q**2 + 81*q + 133. Calculate the remainder when t(27) is divided by 14.
12
Suppose -6*p - 12 = -138. Let u = 36 - p. Let g = 587 - 472. Calculate the remainder when g is divided by u.
10
Suppose 6*k - 2*k + 16 = 3*y, 2*y - 9 = 3*k. Suppose 3 = -0*f - 3*f, f = 4*s - 133. What is the remainder when s is divided by y?
9
What is the remainder when 3083 is divided by ((-12)/10)/((-3)/21*(-315)/(-300))?
3
Let s(z) = 13*z**2 - 8*z - 3 + 9*z**2 - 12*z + 22*z. What is the remainder when s(1) is divided by 15?
6
Suppose 0*x = -5*x - 5*h + 10, -3*x + 5*h = -6. Suppose 5*c + x*u = -28, 3*u = 6*u - 3. Let o = c + 20. What is the remainder when 67 is divided by o?
11
Suppose -233 = -3*f - 2*u, -5*f - 4*u = -9*u - 355. Let m = 41 + f. Let s = -115 - -128. Calculate the remainder when m is divided by s.
12
Let r = 6 - 15. Calculate the remainder when 352 is divided by (-1 + 57/(-2))*(r - -7).
57
Suppose -1702 = -2*d - 5*j, 12 + 4 = -4*j. What is the remainder when 2/((-5152)/d - -6) is divided by 20?
3
Let i(r) = -3*r + 4. Let v(b) = 3*b**2 - 34*b + 199. What is the remainder when v(7) is divided by i(-11)?
34
Let t(w) = -5*w - 2. Let h(p) = -6*p - 2. Let s(b) = 4*h(b) - 5*t(b). Suppose 0 = 3*n - 0 - 6. What is the remainder when 4 is divided by s(n)?
0
Suppose -677*n + 622*n + 18095 = 0. What is the remainder when n is divided by (5 - 6)*(-30 - 0)?
29
Let z(k) = 7*k + 11. Let n be z(-7). Let b = n - -40. Suppose 144 - 10 = b*s. Calculate the remainder when s is divided by 23.
21
Suppose -10*c + 2452 - 102 = 0. Suppose -14*h - 81 = -c. What is the remainder when 192 is divided by h?
5
Let i(k) = 122*k + 4*k**2 + 132*k + k**3 + 3*k**2 - 249*k. What is the remainder when 6 is divided by i(-6)?
0
Suppose -111*b = 2*d - 114*b - 2260, -2*d + b = -2260. What is the remainder when d is divided by 39?
38
Suppose 4*c - 2*x - 804 = 0, 8*c - 13*c - x = -998. Suppose -5*d + c = -3*h - 231, -4*d + 5*h + 337 = 0. Calculate the remainder when d is divided by 31.
26
Suppose -3*p + t + 190 = 0, -4*t = -2*p + 158 - 28. Suppose 3*l + 25 = -2*l. Let a = p + l. Calculate the remainder when a is divided by 12.
10
Let w = 693 - 660. What is the remainder when 57 is divided by w?
24
Let g(p) = -p**3 + 3*p**2 + 8*p - 4. Let a be g(-2). Suppose a*u + 177 = n + 2*u, -4*n + u + 708 = 0. Calculate the remainder when n is divided by 5.
2
Suppose 5*a = -4*j + 236, 2*j + 3*a - 7*a = 92. Let c = 120 - j. Calculate the remainder when 263 is divided by c.
65
What is the remainder when 207 is divided by -226*(10/(-20) - 0)?
94
Suppose -32*s + 188 = -28*s. Let l = 773 + -717. What is the remainder when l is divided by s?
9
Let l be ((-39)/(-36)*3)/(2/24). Suppose 10*y = l + 51. Calculate the remainder when y is divided by 5.
4
Suppose 0 = -4*s + s + 36. Suppose -6*w